 = 9*o. Let c(x) = -x**3 - 2*x**2 - 6*x - 10. List the prime factors of c(o).
5, 19
Suppose 0*l = 3*l + 5*h + 642, -5*l + 3*h = 1070. Let m = -76 - l. What are the prime factors of m?
2, 3, 23
Suppose -t - c = -31, 3*c + 0*c + 179 = 5*t. Let u = t + 0. What are the prime factors of u?
2, 17
Suppose -2*t = 2*w - 7*w + 15, -2*t + 12 = 4*w. Suppose -4*y + w*d + 1 = -5*y, 0 = 4*y - 4*d - 44. List the prime factors of y.
2
Suppose -3*q - 4 + 20 = v, 0 = 4*q + 4*v - 32. Suppose -6*s + 2*s + 5*z + 733 = 0, q*z + 923 = 5*s. What are the prime factors of s?
11, 17
Let j be (4 + -1 + 0)*-1. Let g be (j + 1)/(1/(-15)). Let u = g + -14. What are the prime factors of u?
2
Suppose -5*k + 1 = -34. List the prime factors of k - 2 - (-90 + -1).
2, 3
Let u(h) = -6*h + h**2 - 2*h - 6*h. Let a be u(14). Suppose a = -4*c + 56 - 8. List the prime factors of c.
2, 3
Let m be (5/3)/((-12)/72). Let r = m - -6. What are the prime factors of (-86)/r + (-2)/4?
3, 7
Let a(d) = -5*d - 26. Let p be a(-5). List the prime factors of 52 - (1 + p)/3.
2, 13
Let r be 1/(2 - 3/2). Suppose -2*h = r*i + 12, 3*h - 17 = -2*i + 6*i. What are the prime factors of (h - -11)/((-2)/(-4))?
2, 5
Let p(r) = -r**3 - 8*r**2 - 5*r + 18. Let v be p(-7). What are the prime factors of (59/v)/(1/8)?
2, 59
Suppose 4*i = -p + 6*p - 716, i = -p + 145. Suppose 16*j - 20*j + p = 0. What are the prime factors of j?
2, 3
Let c be ((-2)/4)/((-7)/(-392)). Let k = c + 28. Suppose k = 5*u - 5, -4*b + 6*b - 3*u = 61. List the prime factors of b.
2
Suppose 4*b = -20, c + 3*b + 2*b = -23. Let n(w) = 48*w**2 + 3*w - 6. List the prime factors of n(c).
2, 3
Let a be (-1)/(16/20)*8. Let n = a - -16. What are the prime factors of n?
2, 3
List the prime factors of 20/4 - (-6241 + 33).
3, 19, 109
Suppose -21*t + 6*t - 6045 = 0. Let u = t + 658. List the prime factors of u.
3, 5, 17
Suppose -2*a + 85 = 3*n - 2*n, -a + 470 = 5*n. Let d = n - 23. List the prime factors of d.
2, 3
Let v(n) = -n**3 + 11*n**2 - n - 112. List the prime factors of v(9).
41
Let u be ((-76)/(1 + -2))/1. Suppose 72 = -2*b - 4*v, 0 = b - 4*v + 19 + 11. Let c = u + b. What are the prime factors of c?
2, 3, 7
Let s be (-1100)/(-70)*(-1 - -8). Suppose 3*c + 50 = 3*d + c, 5*d + 2*c = s. List the prime factors of d.
2, 5
Suppose 0 = 6*s - 204 + 522. Suppose -1 = u + 30. Let g = u - s. What are the prime factors of g?
2, 11
Let m be (2 + 2)*(-15)/(-12). Let d be (56/(-20))/((-2)/m). Suppose 0 = d*q - 5*q - 30. List the prime factors of q.
3, 5
Let l be 5/2*20/25. Suppose -l*y + 94 = 3*n, 5*y + 156 = -0*n + 4*n. What are the prime factors of n?
2, 17
Suppose -3*o = -4*o + 2. Suppose 160 - 18 = o*p. What are the prime factors of p?
71
Let w(d) = 4*d**3 - 23*d**2 - 18*d - 16. Let c(f) = -7*f**3 + 45*f**2 + 35*f + 32. Let i(r) = 3*c(r) + 5*w(r). What are the prime factors of i(20)?
2, 79
What are the prime factors of 11396/112 + (-3)/4?
101
Let t = -16 - -60. Suppose 33 = c - t. What are the prime factors of c?
7, 11
Let k(p) = 10*p + 27. Let t(q) = q - 1. Let i(c) = -k(c) - 3*t(c). List the prime factors of i(-8).
2, 5
Suppose 0 = 4*l - 5*l + 1. Let c be (l/(-3))/(9/81). Let g = 0 - c. What are the prime factors of g?
3
Let a(j) = j**3 + 7*j**2 + 7*j - 3. Let z be a(-6). Let b = z + 85. Suppose 4*h - b = -0*h. What are the prime factors of h?
19
Let m be (-1 - (-6)/10)/((-19)/(-95)). List the prime factors of (-735)/20*m*2.
3, 7
Let i = -11 + 6. Let j(r) = -4*r**2 - 11*r + 2. Let z be j(i). What are the prime factors of 0 + 1 - 0 - z?
2, 11
What are the prime factors of 2*(-11189)/(-6) - 14/(-42)?
2, 5, 373
List the prime factors of 9/9 + 6 - -967.
2, 487
Let j be (-23)/7 + (-18)/(-63). Let d = 21 + j. List the prime factors of d.
2, 3
Suppose -7 = -a - 13. Let l = a - -14. Suppose -20 = -k + n, 0 + l = 4*n. List the prime factors of k.
2, 11
Suppose -8*f = -3*f. Suppose 21*b - 17*b - 316 = f. What are the prime factors of b?
79
Let a = -11 - -14. Suppose a*r + 135 = -6. Let l = 75 + r. List the prime factors of l.
2, 7
Let h = 73 - 28. Let w(n) = -19*n**2 + 1. Let x be w(1). Let j = x + h. List the prime factors of j.
3
Suppose p = 3*w - 15, 0 = -0*w - w + 5. Let q be -4 + p + -10 - 2. List the prime factors of (-3)/(-2*(-12)/q).
2
Suppose r + 250 = 11*r. Let t = r + -9. What are the prime factors of t?
2
Let r = -822 - -1371. List the prime factors of r.
3, 61
Let u be -12 + 10/15*(-1 - 2). Let g(v) = -10*v**3 - 5*v**2 + 4*v + 4. Let j be g(4). List the prime factors of (2/5)/(u/j).
2, 5
Suppose -3922 = -6*g + 1940. List the prime factors of g.
977
Let y(l) = 7*l**2 + 2*l - 1. Let h be y(2). Let d = h - 18. List the prime factors of d.
13
Suppose 4*d - 15224 = 5*n - 3814, 2851 = d - 2*n. What are the prime factors of d?
5, 571
Let m(p) = 2*p**2 + 5*p - 7. Let q be m(-5). Let h be (30/(-25))/((-2)/(-5)) - -3. Suppose 13*t - 12*t - q = h. List the prime factors of t.
2, 3
Let d be (380/15)/4*(-17 - 1). Let y = 295 + d. What are the prime factors of y?
181
Suppose 0*k = -18*k + 11430. What are the prime factors of k?
5, 127
Let v be (2 + 16/(-6))/((-16)/48). Let u(y) = 103*y - 15. List the prime factors of u(v).
191
Let p = 213 + 267. Suppose p = 4*y + 2*y. List the prime factors of y.
2, 5
Let o(q) = -q**2 - 9*q + 14. Let x be o(-10). Suppose 4*w - 2*w + 2*r = 188, -2*r - 352 = -x*w. List the prime factors of w.
2, 3, 5
List the prime factors of (-2)/2 - (-2 - (-2 - -1140)).
17, 67
Suppose 0 = 4*i + 5 - 13. Suppose 0 = i*f + 3*f - 630. List the prime factors of f.
2, 3, 7
Suppose 17 + 23 = 2*m. Suppose 390 = 25*g - m*g. What are the prime factors of g?
2, 3, 13
Suppose -2016 = 17*i - 23*i. What are the prime factors of i?
2, 3, 7
Suppose q + 370 = y, 4*q + 1105 = y + 2*y. Suppose -b = 4*l - 300, 0 = 3*l - 8*l - 5*b + y. List the prime factors of l.
3, 5
Suppose k + b - 3782 = 0, 18919 = 5*k - 12*b + 14*b. What are the prime factors of k?
5, 757
Suppose -5*b + 827 = 3*x, -b + 58 = -5*x - 113. Suppose -4*q + b = -70. List the prime factors of q.
59
Let k be (-3)/(-7) - (-600)/70. Suppose -4*c + 37 = k. List the prime factors of c.
7
Let l(m) = 49*m**2 - 13 + 0*m - 14*m - 50*m**2. List the prime factors of l(-8).
5, 7
Suppose -14*t + 5502 = -0*t. Suppose -t = -5*i + 317. List the prime factors of i.
2, 71
Suppose 0 = -119*x + 130*x - 8294. What are the prime factors of x?
2, 13, 29
Suppose -189 = r + 288. Let i be 6/(-10) + r/(-45). Let g(y) = -y**3 + 10*y**2 + 3*y + 1. List the prime factors of g(i).
31
Let t = 1 + -1. Suppose 2*p - 6 + 0 = t. Suppose p*r + 14 - 38 = 0. What are the prime factors of r?
2
Let u = 1949 - 782. What are the prime factors of u?
3, 389
Let i = 1496 + -792. List the prime factors of i.
2, 11
Suppose -13*q + 14236 = 4629. List the prime factors of q.
739
Let x = -542 - -88. Let h = -236 - x. What are the prime factors of h?
2, 109
Suppose 2*f + 4 = 26. Suppose 4*w + 7 + 9 = 4*l, w = -2*l + 8. Suppose -p + 44 - f = w. List the prime factors of p.
3, 11
Let k(u) = -2*u - 8. Let t be k(-6). Suppose -t*l = -3*g + 80, -5*l = -g + 22 + 12. List the prime factors of g.
2, 3
Suppose 4*z - 2 = -5*i, 3*z + 3*i = 8*z - 21. Let j be (z - 1)/((-2)/145). List the prime factors of (1/1)/((-5)/j).
29
Let x be (3 + -2)*-7 - (2 + -5). List the prime factors of ((-6)/12)/((-2)/x) - -120.
7, 17
Let a(s) be the first derivative of 1/3*s**3 + 6*s - 3 - 2*s**2. What are the prime factors of a(5)?
11
Let t(r) = r**3 + 8*r**2 + 6*r - 10. Let j be t(-7). What are the prime factors of -3 - (j - (-29)/(-1))?
29
Suppose -k = 7*k + 1336. Let f = -53 - k. List the prime factors of f.
2, 3, 19
Let d be (10/3)/(2/(-12)). Let f = -23 - d. Let c(a) = 6*a**2 - 3*a + 2. What are the prime factors of c(f)?
5, 13
Let c be 0 + 21 + (-11 - -6). What are the prime factors of (c - (5 + -5)) + -4 + 0?
2, 3
Let p be (106/8)/((-3)/(-12)). Let t(z) = -3*z**3 - z**2 + 2*z + 1. Let d be t(-3). Suppose -d - p = -4*i. What are the prime factors of i?
2, 3, 5
Suppose 4*s - 54 = 222. Let c = s - 19. Suppose 5*q - 3*h + 4*h - 107 = 0, 2*q = 2*h + c. What are the prime factors of q?
2, 11
Suppose 0 = -18*z + 6273 + 7605. List the prime factors of z.
3, 257
Suppose -5*r + 748 = -y + 4*y, 4*y = -3*r + 1012. Let v = -149 + y. What are the prime factors of v?
107
Suppose 2*x = 4*x - 8. 